digit of 11149?
1
What is the thousands digit of 52032?
2
What is the hundreds digit of 52483?
4
What is the units digit of 1921?
1
What is the hundreds digit of 42698?
6
What is the units digit of 2144?
4
What is the thousands digit of 1146?
1
What is the hundreds digit of 93933?
9
What is the tens digit of 2395?
9
What is the thousands digit of 1419?
1
What is the units digit of 5364?
4
What is the units digit of 33083?
3
What is the tens digit of 91343?
4
What is the units digit of 20805?
5
What is the tens digit of 2026?
2
What is the thousands digit of 1065?
1
What is the units digit of 11254?
4
What is the units digit of 5040?
0
What is the ten thousands digit of 12839?
1
What is the ten thousands digit of 22993?
2
What is the units digit of 2467?
7
What is the hundreds digit of 3530?
5
What is the thousands digit of 1464?
1
What is the thousands digit of 78778?
8
What is the hundreds digit of 966?
9
What is the hundreds digit of 1762?
7
What is the tens digit of 14316?
1
What is the units digit of 2873?
3
What is the thousands digit of 52340?
2
What is the tens digit of 6998?
9
What is the hundreds digit of 242?
2
What is the hundreds digit of 22054?
0
What is the hundreds digit of 161?
1
What is the units digit of 3161?
1
What is the hundreds digit of 1084?
0
What is the tens digit of 43917?
1
What is the units digit of 5005?
5
What is the tens digit of 905?
0
What is the thousands digit of 7667?
7
What is the units digit of 37887?
7
What is the thousands digit of 3498?
3
What is the thousands digit of 21687?
1
What is the hundreds digit of 5030?
0
What is the units digit of 18445?
5
What is the units digit of 170?
0
What is the hundreds digit of 72217?
2
What is the thousands digit of 1220?
1
What is the units digit of 13518?
8
What is the thousands digit of 2832?
2
What is the tens digit of 3859?
5
What is the tens digit of 918?
1
What is the thousands digit of 2726?
2
What is the units digit of 19153?
3
What is the hundreds digit of 950?
9
What is the thousands digit of 4794?
4
What is the tens digit of 9015?
1
What is the tens digit of 9257?
5
What is the units digit of 6225?
5
What is the tens digit of 1646?
4
What is the hundreds digit of 178?
1
What is the thousands digit of 3860?
3
What is the ten thousands digit of 15825?
1
What is the tens digit of 1871?
7
What is the units digit of 267?
7
What is the tens digit of 5377?
7
What is the units digit of 4954?
4
What is the tens digit of 12145?
4
What is the units digit of 14789?
9
What is the hundreds digit of 301?
3
What is the hundreds digit of 673?
6
What is the units digit of 13720?
0
What is the units digit of 1822?
2
What is the thousands digit of 1362?
1
What is the units digit of 17095?
5
What is the tens digit of 96?
9
What is the units digit of 110602?
2
What is the thousands digit of 25102?
5
What is the tens digit of 16132?
3
What is the tens digit of 1459?
5
What is the units digit of 562?
2
What is the ten thousands digit of 29034?
2
What is the units digit of 7061?
1
What is the tens digit of 10901?
0
What is the tens digit of 746?
4
What is the hundreds digit of 3531?
5
What is the tens digit of 3010?
1
What is the units digit of 1087?
7
What is the units digit of 135?
5
What is the ten thousands digit of 90406?
9
What is the tens digit of 2391?
9
What is the units digit of 1837?
7
What is the ten thousands digit of 59584?
5
What is the thousands digit of 5933?
5
What is the ten thousands digit of 11555?
1
What is the units digit of 834?
4
What is the thousands digit of 6149?
6
What is the units digit of 996?
6
What is the hundreds digit of 5838?
8
What is the units digit of 2599?
9
What is the hundreds digit of 23450?
4
What is the units digit of 8901?
1
What is the hundreds digit of 3828?
8
What is the thousands digit of 6121?
6
What is the units digit of 70?
0
What is the thousands digit of 32182?
2
What is the units digit of 1268?
8
What is the ten thousands digit of 53898?
5
What is the thousands digit of 40740?
0
What is the hundreds digit of 9969?
9
What is the thousands digit of 1881?
1
What is the tens digit of 94289?
8
What is the tens digit of 35?
3
What is the hundreds digit of 5970?
9
What is the tens digit of 3191?
9
What is the hundreds digit of 2517?
5
What is the units digit of 5600?
0
What is the hundreds digit of 82832?
8
What is the hundreds digit of 234?
2
What is the hundred thousands digit of 144373?
1
What is the thousands digit of 94381?
4
What is the tens digit of 64?
6
What is the ten thousands digit of 49009?
4
What is the units digit of 816?
6
What is the ten thousands digit of 77326?
7
What is the hundred thousands digit of 105356?
1
What is the hundreds digit of 1547?
5
What is the thousands digit of 3270?
3
What is the units digit of 833?
3
What is the units digit of 9252?
2
What is the hundred thousands digit of 150160?
1
What is the ten thousands digit of 115656?
1
What is the hundreds digit of 1930?
9
What is the ten thousands digit of 103661?
0
What is the ten thousands digit of 20667?
2
What is the units digit of 944?
4
What is the units digit of 929?
9
What is the units digit of 11656?
6
What is the thousands digit of 3217?
3
What is the thousands digit of 140892?
0
What is the hundreds digit of 4454?
4
What is the ten thousands digit of 35256?
3
What is the units digit of 116580?
0
What is the units digit of 1002?
2
What is the hundreds digit of 1381?
3
What is the tens digit of 1561?
6
What is the hundreds digit of 1937?
9
What is the hundreds digit of 10869?
8
What is the hundreds digit of 8962?
9
What is the tens digit of 71?
7
What is the thousands digit of 2486?
2
What is the tens digit of 7692?
9
What is the tens digit of 161?
6
What is the tens digit of 55327?
2
What is the hundreds digit of 6736?
7
What is the hundreds digit of 2675?
6
What is the hundreds digit of 1345?
3
What is the hundreds digit of 4948?
9
What is the thousands digit of 3014?
3
What is the hundreds digit of 22149?
1
What is the hundreds digit of 953?
9
What is the units digit of 1039?
9
What is the units digit of 112514?
4
What is the ten thousands digit of 59440?
5
What is the tens digit of 13792?
9
What is the tens digit of 424?
2
What is the hundreds digit of 3510?
5
What is the ten thousands digit of 11855?
1
What is the hundreds digit of 22753?
7
What is the units digit of 5275?
5
What is the ten thousands digit of 55895?
5
What is the tens digit of 245?
4
What is the hundreds digit of 63103?
1
What is the tens digit of 483?
8
What is the ten thousands digit of 103737?
0
What is the hundred thousands digit of 113411?
1
What is the units digit of 16560?
0
What is the ten thousands digit of 33885?
3
What is the units digit of 2415?
5
What is the units digit of 9694?
4
What is the units digit of 4789?
9
What is the thousands digit of 2898?
2
What is the units digit of 2997?
7
What is the tens digit of 17022?
2
What is the tens digit of 9393?
9
What is the tens digit of 2337?
3
What is the units digit of 13935?
5
What is the tens digit of 1189?
8
What is the thousands digit of 6982?
6
What is the units digit of 27?
7
What is the tens digit of 1113?
1
What is the hundreds digit of 390?
3
What is the ten thousands digit of 23354?
2
What is the ten thousands digit of 10441?
1
What is the units digit of 1273?
3
What is the ten thousands digit of 83658?
8
What is the hundreds digit of 572?
5
What is the units digit of 10060?
0
What is the thousands digit of 42557?
2
What is the tens digit of 1013?
1
What is the hundreds digit of 306?
3
What is the tens digit of 9995?
9
What is the thousands digit of 68043?
8
What is the thousands digit of 10123?
0
What is the units digit of 426?
6
What is the units digit of 116671?
1
What is the thousands digit of 1814?
1
What is the units digit of 5515?
5
What is the units digit of 1334?
4
What is the hundreds digit of 1573?
5
What is the thousands digit of 77116?
7
What is the hundreds digit of 43520?
5
What is the hundreds digit of 16296?
2
What is the tens digit of 182?
8
What is the units digit of 1642?
2
What is the tens digit of 2127?
2
What is the units digit of 156?
6
What is the ten thousands digit of 64986?
6
What is the hundreds digit of 1144?
1
What is the tens digit of 8124?
2
What is the tens digit